q) + 2*o(q). Suppose 0*c = 5*c - 15, 2*c = -2*b + 10. What is j(b)?
3
Let q be (-1)/(2 - 10/6). Let d(v) be the second derivative of v**5/20 + v**4/6 - v**3/3 + v**2/2 - 10*v - 3. What is d(q)?
-2
Suppose w - 8 = -0*w - 4*o, 3*o + 3 = -3*w. Let z(h) = 2*h - 2. Determine z(w).
-10
Let y(x) be the second derivative of 0 + 1/3*x**4 - 1/6*x**3 + 1/2*x**2 + 2*x. What is y(1)?
4
Suppose 2*q - 4*u - 14 = 4*q, -4*q + 3*u - 39 = 0. Let w be (q + 1)/((-1)/(-1)). Let b be -4*((-6)/w - 2). Let d(t) = -t**3 + 5*t**2 - 2*t + 7. Calculate d(b).
-3
Let f(s) = -s**2 + 2. Suppose 5*q + 2*r - 31 = 0, 15 = 4*q + 5*r - 3. Let u = q + -4. Give f(u).
-7
Let z(s) = -s. Let j be z(3). Let x(c) = -c + c + 2*c + 1. Determine x(j).
-5
Let j(r) = -2 - 17*r + 3 + 3*r. Give j(1).
-13
Let h = -10 - -7. Let c = h + 8. Let w(q) be the second derivative of q**3/6 + q. What is w(c)?
5
Let x(w) = -12*w**2 - 11*w + 2. Let f(g) = 4*g**2 + 4*g - 1. Let a(u) = -8*f(u) - 3*x(u). What is a(-2)?
16
Suppose -13*z - 6 = -11*z. Let j(t) = -t**3 - 4*t**2 + t - 2. Determine j(z).
-14
Let j(k) be the first derivative of -9*k - 3 + 1/2*k**2. Determine j(0).
-9
Let b(m) = -m**2 - 2*m + 6. Suppose 15 = -5*k - 10. Calculate b(k).
-9
Let d be (-2 - 0)/(-2) - 0. Let o(s) = 8*s**2 - s + s**2 + 2*s - 1. Determine o(d).
9
Let t(l) = -15 + 2*l - l + 13. Calculate t(-7).
-9
Let v(a) = -13*a**2 + 1. Let m(g) = -g**2 + 11*g - 17. Let b be m(8). Let l(u) = -u**3 + 6*u**2 + 8*u - 8. Let s be l(b). What is v(s)?
-12
Let w(k) = -2*k - 14. Let a be w(-8). Let d(z) = -z**2 + 2*z - 2. Determine d(a).
-2
Let o(v) = -v**3 + 3*v**2 + v - 1. Let f(p) = p**3 + 13*p**2 + 3. Let r be f(-13). Give o(r).
2
Let m(x) be the third derivative of x**6/15 - x**5/60 + x**4/24 - x**3/6 + x**2. Let k(r) = r**2 + 3*r - 2. Let q be k(-5). Let v = q + -7. Calculate m(v).
7
Let r(b) = b + 11. Let w be r(-8). Suppose -w*z - 2*z = -20. Let p(x) = -x**2 - x - 1. Let c(g) = -4*g**2 + 2. Let i(m) = -c(m) + 3*p(m). What is i(z)?
-1
Let h(a) be the first derivative of -a**4/12 - a**3/6 + a - 2. Let k(n) be the first derivative of h(n). Let q be k(0). Let j(v) = v + 6. Calculate j(q).
6
Let z(g) be the third derivative of g**6/120 - g**5/10 + g**4/8 + g**3/3 - 3*g**2 - 4*g. What is z(3)?
-16
Let c(p) = -p + 1. Let n be c(0). Let w(q) = 8*q**3 + q. Let r(x) = 8*x**3 + x. Let m(s) = 6*r(s) - 7*w(s). Calculate m(n).
-9
Let q(b) be the first derivative of b**4/4 + 8*b**3/3 + 7*b**2/2 + 10*b - 7. Determine q(-7).
10
Let h(i) = i**2 - i + 5. Suppose 3*m = m + 6. Suppose 5*o + 3 = 18. Let u = m - o. What is h(u)?
5
Let a(m) = -m - 11. Suppose 2*d + 3*k + 15 = 2*k, 2*d = 3*k - 19. What is a(d)?
-3
Suppose 4*t + 12 = 0, -t = 3*o + 4*t + 6. Let c(f) be the first derivative of -o - 2*f**2 - 5/3*f**3 - 1/4*f**4 - 5*f. Give c(-4).
-5
Let z(d) = -d + 7. Let w(j) = -j**2 - 15*j + 16. Let c be w(-16). Calculate z(c).
7
Let i(k) be the third derivative of k**5/60 - k**4/24 - k**3 - 48*k**2. Give i(0).
-6
Let h(v) = 2*v**2 + 7*v - 1. Let i be h(-4). Let f(c) = -5 - c**2 - c**3 + 6 - c**2 + 5*c**2. What is f(i)?
1
Let j(k) = -k**2 - 6*k - 8. Let w be j(-6). Suppose 1 = -0*m + m - 2*x, -3*m + 2*x - 9 = 0. Let d = m - w. Let c(o) = -2*o + 1. What is c(d)?
-5
Let s(c) be the first derivative of c**4/4 - 2*c**3/3 - 2*c**2 + 4*c - 3. Suppose 11 = 2*j - b, 2*j - 17 = 4*b + 9. Give s(j).
1
Let a(p) be the first derivative of 11/3*p**3 + 1/2*p**4 - 11*p - 3*p**2 + 3. Let o(c) = -c**3 - 5*c**2 + 3*c + 5. Let w(b) = -6*a(b) - 13*o(b). Calculate w(2).
-1
Let j(q) = -q**2 - 4 - 11 + 13. Determine j(-4).
-18
Let z(f) be the third derivative of f**7/2520 + 7*f**6/720 + f**5/60 - f**4/24 + 6*f**2. Let y(i) be the second derivative of z(i). What is y(-6)?
-4
Let l(r) = -3 + 7*r - 159*r**2 + 160*r**2 - 5. Determine l(-8).
0
Let t be 2/3 - 39/(-9). Let y(f) = -2*f - f**2 + 5 - 3 + 6*f - 1. Give y(t).
-4
Let u(y) = 29*y + 9. Let q(k) = -10*k - 3. Let m(o) = 17*q(o) + 6*u(o). What is m(-3)?
-9
Let l(w) be the third derivative of -w**6/120 - w**5/15 - w**4/8 + w**3/6 + 5*w**2. Calculate l(-3).
1
Let a(q) = -q**3 + 2*q**2 + 6. Let p be a(3). Let k(x) = 4*x - 2. Let f(r) = 3*r - 2. Let j(g) = p*f(g) + 2*k(g). Calculate j(5).
-3
Let a(n) be the first derivative of 4*n - 2 + 1/2*n**2. Suppose 12 = -7*s + 4*s. Determine a(s).
0
Suppose l - 3 = -0*l, -78 = -4*p + 2*l. Let n(r) = 91*r**2 + 21*r + 21. Let b(g) = -9*g**2 - 2*g - 2. Let x(q) = p*b(q) + 2*n(q). Calculate x(1).
-7
Let v be (1 + 1)*9/9. Let n(f) = -f**3 + 2 + 0 + 0*f**2 - 4*f**v. What is n(-4)?
2
Let v = 10 + -7. Let i = v - 1. Let f(n) = 3 - 6*n**i + n**3 + 6*n + 4 - 6. Determine f(5).
6
Let l(y) be the first derivative of y**4/4 - y**3 + y**2/2 + 2*y - 7. Let s be (-3)/(3/(-2)) + 0. Determine l(s).
0
Let r = 8 - 4. Let w(y) = 10*y**2 - 6*y**2 + 5*y**2 - 5*y - y**2. Let l(o) = -3*o**2 + 2*o. Let b(s) = -11*l(s) - 4*w(s). Determine b(r).
8
Let k(l) = -2 - 2 + 9*l - 9. Let y(m) = -m**3 - 5*m**2 - 4*m - 6. Let q be y(-4). Let b(g) = -5*g + 7. Let d(x) = q*k(x) - 11*b(x). What is d(-3)?
-2
Let c(g) = 7*g**3 - g**2 - 5*g - 9. Let x(f) = -2*f**3 - f**2 + f + 1. Let d(i) = c(i) + 4*x(i). What is d(-5)?
0
Let s = 17 - 15. Let c be 6 + (0 - 3) - s. Let d(k) = -5*k + 0 + 0. What is d(c)?
-5
Let r(d) = d**2 - 3*d + 1. Let j = -24 - -25. What is r(j)?
-1
Let c(h) = 5*h**2 - 4*h - 3 + 2*h**3 + 5 - 3*h**3. Let d = 15 + -11. What is c(d)?
2
Suppose -2*a = a + 27. Let r be (-54)/15 + a/(-15). Let b(x) = -3*x - 2. What is b(r)?
7
Suppose -3*t - 7 = -4. Let q be (t + 9)/(-1 + 3). Let k(n) be the third derivative of -n**6/120 + n**5/15 - n**4/12 + 2*n**3/3 + n**2. Determine k(q).
-4
Suppose -2*n - 4*c + 49 = 3*n, 3*c = -5*n + 48. Suppose -2*x = -n + 3. Let u(a) = 2*a + 2. What is u(x)?
8
Let n(r) = -2*r**2 - 2*r + 5*r**3 - r**3 - 3*r**3 + 4. What is n(3)?
7
Let g be -3*(-3 + 1)/(-2). Suppose -3*x + 10 = 1. Let a(j) = -3 + 3*j**2 - x*j - 4*j**2 + 0*j**2. Determine a(g).
-3
Let l(f) = -f**2 + 3*f + 1. Let n(z) = -13*z**2 + 17*z + 7. Let u(x) = -6*l(x) + n(x). Let y = -2 - -3. What is u(y)?
-7
Let n(i) = i - 3 - 8*i**2 - 7*i + 9*i**2 - 2*i. Determine n(8).
-3
Let q(s) = 5 + 11 - 5 - s. Calculate q(5).
6
Let r(v) = -v**3 - 4*v**2 - 4*v. Let x(w) = -w**2 + 5*w - 4. Let z be x(5). Determine r(z).
16
Let b(r) = -r**3 + 8*r**2 - 8*r + 3. Suppose 16 = 4*d + 4*s, -d + 3*d = 5*s + 29. What is b(d)?
-4
Let b(r) = -r + 12. Let h be b(9). Suppose 5*i + h*t - 5*t = 17, -2*i = 2*t - 4. Let z(w) = w - 2. Calculate z(i).
1
Let g(k) = k**2 - k - 2. Let y be g(3). Suppose y*t - 5 = 3. Let c(u) = 3*u**2 - 7*u**t + 3*u**2 - 2 - 3*u. Determine c(-4).
-6
Let z(y) = -16*y - 1 + 35*y - 17*y. Let u(n) = -n + 1. Let x(d) = -u(d) - z(d). Determine x(-4).
4
Let v(t) = -t**2 - 11*t + 23. Let a be v(-13). Let c(q) = -q**3 - 4*q**2 - 2*q + 1. Calculate c(a).
-2
Let d = 71/36 - 17/9. Let x(k) be the second derivative of d*k**4 + 0 + 2*k**2 - 5/6*k**3 - 2*k. Calculate x(4).
0
Let w(g) be the first derivative of -1/2*g**2 - 1/3*g**3 + 1 + 3*g. Let h be 0/(-1) - (-2 + 5). Give w(h).
-3
Let a(c) = c**3 - 5*c**2 - 5*c + 4. Let u(j) = -6*j**2 - 5*j - 6. Let d be u(6). Let l be (-2)/(-5) - d/45. What is a(l)?
10
Let z(q) = -2*q + 0*q + 6 + q. Let v(c) = 6*c**2 - 1. Let w be v(1). Calculate z(w).
1
Let a(v) = v**2 + 3*v - 2. Let o be a(-3). Let i(s) = 4*s + 3. Give i(o).
-5
Let n(x) = 5*x + 4. Let a(l) = -l**3 + 2*l**2 + 3*l - 3. Let z be a(3). Calculate n(z).
-11
Let j = 1 + -3. Suppose v - 4 = -12. Let h(d) = -5*d + 3. Let a(r) = -2*r + 1. Let l(x) = v*a(x) + 3*h(x). Give l(j).
-1
Let m(i) be the second derivative of -i**4/6 - 2*i**3/3 + 5*i**2/2 + i. Let h be 10/(30/(-9)) + -1. What is m(h)?
-11
Let s(o) = o - 4. Suppose 0 = -20*u + 17*u + 18. What is s(u)?
2
Suppose 0 = -s + 3*r - 7, s + 4 = -4*r + 18. Let q(h) = 5 - 4*h**3 + 12*h - 15*h + 3*h**3 - 6*h**s. Calculate q(-5).
-5
Let a(x) be the third derivative of -x**6/120 - 2*x**3/3 - 17*x**2. Suppose -h + 4*v + 0*v - 12 = 0, 3*v - 9 = -5*h. What is a(h)?
-4
Let z be ((-4)/2)/(4/6). Let s(y) = -1 - 131*y**2 + 128*y**2 - y - 1 - y**3. What is s(z)?
1
Let o(p) be the third derivative of p**4/24 + 7*p**3/6 + 30*p**2. Determine o(-9).
-2
Let k(f) = 4*f + 1. Let b(w) = -w**3 - 28*w**2 - 1. Let m be b(-28). Determine k(m).
-3
Let q(u